uppose -k = -v - v. List the prime factors of v.
2
Let d = -63 + 111. Let g = 16 - d. List the prime factors of 3/(-2)*g/6.
2
Let q be 15/(-2)*(-16)/12. Let a be (-3)/(-2)*q/15. Let b = 12 - a. What are the prime factors of b?
11
Let z be -2 + 6 - (-3 + 1). Suppose a = q - z*q + 88, 5*q = -3*a + 84. List the prime factors of q.
2, 3
Let u(w) = w**3 + 5*w**2 + 3. List the prime factors of u(-4).
19
Let r = -5 - -6. Let d be 0 - (-3 + 0 + r). Suppose -5*v = 10, 0 = -d*s - s + 4*v + 35. What are the prime factors of s?
3
Let l = 21 - 10. Suppose -2*j - l = -105. What are the prime factors of j?
47
Let d be (-10)/(-25) - (-216)/10. Suppose 6*q - 8*q + d = 0. What are the prime factors of q?
11
Suppose -5*z = -3*z + 2. Let h(w) = -5*w - w - 5*w. List the prime factors of h(z).
11
Let g(h) = h**3 - h**2 - 2*h + 2. Let j(d) = -d**2 + 7*d - 6. Let w be j(5). List the prime factors of g(w).
2, 3, 7
Suppose 0 = -3*s - s + 3*x + 284, 0 = -2*s + x + 140. Suppose 0 = 14*y - 12*y - s. What are the prime factors of y?
2, 17
Let t(c) = -c**3 + 6*c**2 - 4*c - 2. Let u be (4/5)/((-6)/(-30)). List the prime factors of t(u).
2, 7
Let h(m) = -m**3 + 14*m**2 + 15*m + 21. List the prime factors of h(15).
3, 7
Suppose -2 = -3*j + 2*j. Suppose -3*k = -5*z - 5, -3*z + j*k = 3 + 1. Suppose 0*r + 22 = 4*d - z*r, 3*d + 4*r = -11. What are the prime factors of d?
3
Suppose 8*s - 11*s = -9. Suppose -4*w - 5*u + 194 = 0, s*w - 2*u - 134 = -0*w. List the prime factors of w.
2, 23
Suppose 2*u - 19 = -3*w, -2*w + 2*u + 30 = 4. What are the prime factors of w?
3
Let h(q) be the second derivative of 1/2*q**4 + 0 - 1/3*q**3 - 1/20*q**5 + q**2 + 4*q. List the prime factors of h(5).
17
Let s = -91 + 163. What are the prime factors of s?
2, 3
Let w = 12 + -8. Suppose 0 = -w*x - 0*x + 108. List the prime factors of x.
3
Let u(c) = c - 3*c + 0 - 8 + 1. What are the prime factors of u(-7)?
7
Let r = -153 - -219. What are the prime factors of r?
2, 3, 11
Suppose 2*j = -2*j. List the prime factors of (-1 + 2)*(3 + j).
3
Suppose -5*x + 33 + 42 = 0. What are the prime factors of x?
3, 5
Let s = -26 + 109. Let f = -45 + s. What are the prime factors of f?
2, 19
Suppose 24 = 21*j - 19*j. List the prime factors of j.
2, 3
Suppose -5*x = -3*d - 70, -2*x - 3*d + 42 = x. Suppose x + 1 = 5*i. Suppose 3*f + i*z = 0, z + 10 = -f + 2*f. List the prime factors of f.
5
Suppose -2*i - 5*f = -6, 2*i - 4*i = -4*f + 12. What are the prime factors of ((-1)/i)/(2/48)?
2, 3
What are the prime factors of (68/(-4))/(2/(-16))?
2, 17
Let l = 3 + -1. What are the prime factors of -2*-11*1/l?
11
Let b be 2/(-1) + 1 + 1. Suppose -x + 0 = -5*s - 40, -5*x = -s - 200. Suppose -4*d - d + x = b. What are the prime factors of d?
2
Let j be (-6)/(-12) - (-2)/(-4). Let c = j - -2. List the prime factors of c.
2
Let r = 11 + -24. Let g = 3 - r. List the prime factors of g.
2
Suppose -19 = r - i - 4*i, r + 5*i = 31. Suppose 32 - 14 = -3*a - o, -3*o = a + r. Let f = a - -17. What are the prime factors of f?
11
Suppose 19 = d - 3*g - 9, -3*d = 4*g - 71. Suppose 5*v - 2*w = -3*w + d, -23 = -2*v - 3*w. What are the prime factors of v?
2
Suppose w - 3 = -0. Suppose -t + 3*i - 5 = 2, 5*t + i = -w. What are the prime factors of -5*((t - -3) + -4)?
2, 5
Let o = -37 - -94. List the prime factors of o.
3, 19
Suppose 295 = 79*v - 78*v. What are the prime factors of v?
5, 59
List the prime factors of -8 + 80 - (-3 + 3).
2, 3
Let w(o) = o**3 - 9*o**2 + 6*o - 13. Let l be w(9). Suppose -3*s + 25 + l = 0. What are the prime factors of s?
2, 11
Let t = -4 - -4. Let b(g) = 3 + t - g + 0 + 2*g. List the prime factors of b(0).
3
Suppose 0*v = -3*v + 9, 0 = -3*n + 2*v + 150. List the prime factors of n.
2, 13
Suppose -f + 1 = 4. Let m be (6 + f)*(-1)/3. What are the prime factors of ((-28)/(-8))/(m/(-4))?
2, 7
Suppose -9 - 27 = -2*f. What are the prime factors of f?
2, 3
Let g(c) = 7*c**2 + 6*c + 3. What are the prime factors of g(-3)?
2, 3
Suppose 3*g - 105 = -3*h, 3*h - 62 = h + 2*g. What are the prime factors of h?
3, 11
What are the prime factors of ((63/6)/7)/(3/4)?
2
Suppose -5*f - 1872 = -11*f. What are the prime factors of f?
2, 3, 13
Suppose 7*i = -a + 10*i + 325, -3*i = -3*a + 981. List the prime factors of a.
2, 41
Let b(l) = -l**2 - l + 9. Let g be b(0). Let i(y) = -y**2 - g - 2*y + 8*y + 2*y. What are the prime factors of i(6)?
3
Let d(z) = -z**2 + 14*z - 7. What are the prime factors of d(9)?
2, 19
Suppose -3*g + 0*g - 3*c = -216, -3*c + 350 = 5*g. What are the prime factors of g?
67
Let p be 3/(-2)*-2 + 38. Suppose -v = 3*b - 39, -b - v - 1 = 4*v. Suppose -4*g = -3*x - p + 2, b = g - 5*x. What are the prime factors of g?
3
Suppose h + 11 = -3. Let j = h + 29. List the prime factors of j.
3, 5
List the prime factors of 4/10 - -236*2/20.
2, 3
Suppose -3*h = h - 3*f - 68, h + 3*f = 2. List the prime factors of h.
2, 7
Let m(r) = -2*r + 4*r - r**2 + 2 + 6*r - 7. List the prime factors of m(7).
2
Let o = 8 - 5. Suppose x + x = -o*j + 75, 2*x - 125 = -5*j. List the prime factors of j.
5
Let t be 4/(-12) - 55/(-3). Suppose -w + 3*r - 2 = 0, 0 = 2*w - 0*w + r + t. Let s = -4 - w. List the prime factors of s.
2
Let f = -18 - -4. What are the prime factors of (-4 - 3)*20/f?
2, 5
Let p = 1 + 6. Suppose -13 = -2*s + 5*t, 3*s = p*s - t - 17. What are the prime factors of s?
2
Let t be (-4 - -3)/(1/11). Let i(l) = -l**3 - 12*l**2 - 12*l + 6. What are the prime factors of i(t)?
17
Let f(u) = 6*u**2 - 4. Let w be -1*(0 + -2)*-1. What are the prime factors of f(w)?
2, 5
Suppose 410 = 10*u - 5*u. What are the prime factors of u?
2, 41
Suppose -5*z - l = -8, 2*z - l - 2 = 4. List the prime factors of (-38)/(-4) + 1/z.
2, 5
Suppose 2*m + 2 = 0, -3*g + 2 = -2*m - 6. Let w be g/(-6) + (-16)/(-3). Suppose -3*p + 6*p = c + 1, c + w*p = 23. What are the prime factors of c?
2
Let d be 21/14 - (-2)/4. Suppose 2*a - 68 = -d*a. What are the prime factors of a?
17
Let m(l) = -l**3 + 11*l**2 - 12*l + 6. Let x be m(9). What are the prime factors of (10/25)/(2/x)?
2, 3
Suppose 0 = -5*d - 4 + 24. Suppose 14 + 6 = d*n. Suppose 2*j + 4 + 35 = n*l, -3*l - j = -30. What are the prime factors of l?
3
Suppose 1 + 3 = r. Suppose -4*l + r = -3*l. Suppose 0 = l*d - 75 + 15. What are the prime factors of d?
3, 5
Let o be (-5 - -3)/(1 - 2). Suppose -o*g - 3*g = -5. What are the prime factors of (9 + 1 - g)*1?
3
Let h = -16 - -15. Suppose 3*i - 4*i + 12 = 0. Let r = h + i. What are the prime factors of r?
11
List the prime factors of (-2)/4*(-40 + 12).
2, 7
Suppose 4*r - 15 = -5*z, -5*z = -2*z + 3. Let l be 1/(r/(-4))*-5. Suppose -b = -x - 7, -2*b - l*x + 80 = 3*b. List the prime factors of b.
2, 3
Suppose -2*i + 4*i + g = 3, -2*i + 4*g + 28 = 0. Suppose -p - 2*p + y = -10, p = i*y + 7. What are the prime factors of 9 + p + (-3 - -3)?
2, 3
Let c(s) = s**3 + 4*s**2 - 5*s - 14. List the prime factors of c(6).
2, 79
Let v(y) = y + 7. Let c be v(7). List the prime factors of (-4)/c - (-651)/49.
13
Let t be (3 + 3)*(-5)/(-2). List the prime factors of 2/10 - (-57)/t.
2
Suppose -5*j - 25 = 3*a - 4*j, 5*j - 3 = a. Let m(x) = -2 + x + 8 + 12. What are the prime factors of m(a)?
2, 5
Let w(t) = -2*t. Let j be w(-2). Suppose 2*y = -j*s + 26, -s - 27 = -2*y - 4*s. What are the prime factors of y?
3, 5
Suppose s = -s. What are the prime factors of 3/12*s - -33?
3, 11
Let b(y) be the second derivative of 2*y**3/3 - 5*y**2/2 - 2*y. List the prime factors of b(4).
11
Let u = 12 - 14. What are the prime factors of (-4)/(4/(-25)) + u?
23
Let r = -40 + 77. What are the prime factors of r?
37
Let x = 4 + 4. Suppose -2*l = -l + x. List the prime factors of 2*3/(-12)*l.
2
List the prime factors of ((-8)/(-12))/(3/216*4).
2, 3
Suppose -5*y = i - 289, -3*y - 578 = -i - i. List the prime factors of i.
17
Let m be (-2)/3 - (-40)/15. List the prime factors of m + (-8)/6*-3.
2, 3
Let z = -3 - 6. What are the prime factors of 1*(-3)/(z/30)?
2, 5
Suppose -30 = -j + 5*h, 3*j + 4*h + 8 = 98. Let k = j - -2. Suppose 2*n + n + d - k = 0, 3*n = 5*d + 2. List the prime factors of n.
3
Let r = 273 + -176. What are the prime factors of r?
97
Suppose 3*w - 8 = 3*b + 5*w, 3*w = -3. Let t(j) be the second derivative of j**5/20 + j**4/4 - j**2 - j. What are the prime factors of t(b)?
2
Let t(s) = 5*s**2 + 3*s -